54 and 234.
26
Calculate the highest common factor of 10664 and 5504.
344
Calculate the greatest common divisor of 750 and 6546.
6
What is the highest common divisor of 98 and 216874?
98
Calculate the greatest common divisor of 4147074 and 18.
18
Calculate the highest common factor of 531 and 944.
59
Calculate the highest common divisor of 4850020 and 245.
245
Calculate the highest common divisor of 211 and 377479.
211
What is the highest common divisor of 22040 and 31784?
232
Calculate the highest common divisor of 10832 and 11824.
16
Calculate the greatest common factor of 45 and 108477.
9
Calculate the highest common divisor of 7381 and 3993.
121
What is the greatest common divisor of 5713 and 899?
29
What is the greatest common divisor of 7826 and 23177?
301
What is the highest common factor of 112 and 3630032?
112
Calculate the greatest common divisor of 1605 and 5687585.
535
Calculate the highest common factor of 14 and 1889846.
14
What is the greatest common factor of 137 and 1264099?
137
Calculate the greatest common divisor of 190 and 11268995.
95
Calculate the highest common factor of 143 and 757471.
143
Calculate the greatest common factor of 55640 and 9844.
428
What is the highest common divisor of 160 and 4313440?
160
What is the highest common factor of 287 and 28399?
7
What is the highest common factor of 30914 and 117260?
1066
What is the highest common factor of 1311 and 1863?
69
What is the greatest common divisor of 2 and 639?
1
What is the greatest common factor of 104 and 7761?
13
What is the highest common divisor of 53484 and 48?
12
What is the highest common factor of 174876 and 96?
12
What is the greatest common factor of 740795 and 15?
5
Calculate the greatest common factor of 340 and 542980.
340
What is the greatest common factor of 151334 and 340?
34
Calculate the highest common divisor of 16146 and 1196.
598
What is the greatest common factor of 7826 and 187222?
602
What is the greatest common divisor of 64 and 10553?
1
What is the highest common divisor of 844 and 32283?
211
Calculate the highest common divisor of 51 and 8075.
17
Calculate the greatest common factor of 74282 and 52.
26
What is the greatest common factor of 87163 and 1919?
101
What is the greatest common divisor of 268421 and 73?
73
Calculate the greatest common divisor of 13041 and 713.
23
Calculate the greatest common factor of 760764 and 12.
12
What is the greatest common factor of 14897244 and 12?
12
What is the highest common divisor of 952 and 3470516?
476
Calculate the highest common factor of 2533 and 1207.
17
Calculate the highest common factor of 152064 and 73008.
432
Calculate the highest common factor of 1442520 and 270.
90
What is the highest common factor of 185 and 242905?
185
What is the highest common divisor of 435636 and 558?
18
What is the greatest common factor of 32422 and 130?
26
Calculate the greatest common divisor of 2989 and 35.
7
Calculate the greatest common factor of 294851 and 3311.
43
What is the highest common divisor of 310 and 4170120?
310
What is the highest common divisor of 17 and 12005978?
17
What is the highest common divisor of 1600 and 1408?
64
What is the greatest common divisor of 355 and 385?
5
What is the highest common divisor of 259361 and 1257?
419
Calculate the greatest common divisor of 2352 and 62622.
294
What is the greatest common factor of 57 and 67754?
19
Calculate the greatest common factor of 66 and 151782.
6
What is the greatest common divisor of 55422 and 360?
18
What is the highest common factor of 505710 and 270?
270
What is the highest common factor of 29241 and 981?
9
What is the highest common divisor of 752 and 33182?
94
What is the greatest common divisor of 39639 and 9050?
181
Calculate the greatest common factor of 15367 and 52151.
121
Calculate the greatest common factor of 440 and 5620.
20
Calculate the greatest common factor of 4025 and 20608.
161
Calculate the highest common divisor of 472 and 94282.
118
What is the highest common divisor of 60 and 6432?
12
What is the greatest common divisor of 2800 and 12040?
280
What is the greatest common divisor of 16392 and 2580?
12
Calculate the greatest common divisor of 38259 and 364.
13
Calculate the greatest common divisor of 261806 and 158.
158
Calculate the greatest common factor of 548295 and 495.
165
What is the highest common factor of 279 and 5031?
9
Calculate the highest common divisor of 2231226 and 54.
54
What is the highest common divisor of 1386 and 2422?
14
Calculate the highest common factor of 7350 and 320754.
294
What is the greatest common factor of 22140 and 1980?
180
Calculate the highest common factor of 89394 and 3102.
282
What is the greatest common factor of 185 and 19277?
37
Calculate the highest common divisor of 50568 and 430.
86
Calculate the greatest common divisor of 35 and 46592.
7
What is the greatest common factor of 49184 and 1908?
212
What is the greatest common divisor of 912 and 2446212?
228
What is the greatest common divisor of 12 and 1191?
3
Calculate the greatest common divisor of 1452771 and 4276.
1069
What is the greatest common factor of 73861 and 1585?
317
What is the greatest common divisor of 90 and 14150?
10
Calculate the greatest common divisor of 91865 and 95.
95
Calculate the highest common divisor of 3619 and 40887.
77
What is the greatest common factor of 30325 and 2175?
25
Calculate the highest common divisor of 792 and 98824.
88
What is the highest common divisor of 341 and 13486?
11
What is the greatest common factor of 26 and 383266?
26
Calculate the highest common divisor of 8 and 1080952.
8
What is the greatest common divisor of 354 and 257712?
354
What is the highest common factor of 81 and 1445931?
81
Calculate the greatest common factor of 89964 and 5586.
294
What is the greatest common divisor of 3745268 and 5570?
1114
Calculate the highest common divisor of 3132244 and 1132.
1132
What is the highest common factor of 840617 and 1758?
293
What is the highest common factor of 768 and 185216?
128
Calculate the greatest common factor of 210 and 660135.
105
What is the highest common divisor of 1435 and 5915?
35
What is the greatest common factor of 322 and 393806?
322
What is the highest common divisor of 13029 and 16383?
129
What is the greatest common factor of 44362 and 1394?
82
Calculate the greatest common factor of 107 and 284513.
107
What is the highest common factor of 3564 and 44?
44
What is the highest common factor of 1406 and 275909?
37
What is the greatest common factor of 160241 and 115?
23
What is the highest common factor of 400 and 263300?
100
What is the greatest common factor of 80 and 46710?
10
Calculate the highest common factor of 52 and 5268562.
26
Calculate the highest common factor of 3203299 and 44.
11
What is the highest common factor of 948525 and 75?
75
Calculate the greatest common divisor of 247982 and 21.
7
Calculate the highest common factor of 117 and 21918.
39
What is the greatest common factor of 844812 and 2232?
1116
Calculate the greatest common factor of 7875 and 12915.
315
Calculate the highest common factor of 106434 and 3.
3
Calculate the highest common divisor of 1928 and 80012.
964
What is the greatest common divisor of 90174 and 82038?
678
What is the highest common factor of 23 and 3701850?
23
What is the greatest common factor of 891 and 1639?
11
Calculate the greatest common factor of 7385574 and 294.
294
Calculate the highest common factor of 68715 and 675.
135
What is the greatest common factor of 20293 and 10829?
91
Calculate the highest common divisor of 1722 and 5838.
42
Calculate the greatest common factor of 34789 and 3.
1
What is the greatest common divisor of 16 and 4264832?
16
What is the highest common factor of 1198653 and 57?
57
Calculate the greatest common factor of 81303 and 861.
123
Calculate the highest common divisor of 23491 and 15429.
139
What is the greatest common factor of 1775 and 7450?
25
Calculate the greatest common factor of 21480 and 1969.
179
What is the greatest common divisor of 761460 and 1665?
555
What is the greatest common factor of 2282 and 10864?
14
Calculate the highest common factor of 32 and 498208.
32
Calculate the greatest common factor of 2597 and 2373287.
371
What is the greatest